s q(-15) prime?
False
Let h(l) = 115*l**2 - 109*l - 43. Is h(14) a prime number?
False
Suppose -29*p + 560 = 6*p. Let m be (4 - 3)*(3 - -1). Suppose 275 = 5*c - m*t, p + 4 = 4*t. Is c a prime number?
True
Let k(t) = -t**3 + 21*t**2 + 14*t + 9. Let o be k(22). Let f = o + 249. Suppose -f + 1437 = 3*a + m, -1796 = -4*a + 4*m. Is a a prime number?
False
Let k(x) = -90*x**3 - 4*x**2 - 17*x + 9. Is k(-6) prime?
False
Let w(j) = -23*j**3 + 8*j**2 - 33*j - 77. Is w(-10) a prime number?
False
Let z be (9/(-15) - (-189)/15)*2. Let f be (z/3)/(10 - 8). Suppose 0 = -5*a + f*l + 1732 + 8487, -4*a + 8204 = 4*l. Is a a composite number?
True
Let h(o) = 35*o**2 - 34*o**2 + 0*o + 2*o. Let x be h(0). Is 307 + (-5)/10*x a prime number?
True
Let a = 8 + -5. Let n be 405/(a/2 - 0). Suppose 0 = -y + 991 + n. Is y a composite number?
True
Let q(u) = -2*u + 34. Let f be q(17). Suppose f = -6*s + 86484 - 18726. Is s a composite number?
True
Suppose -x + 0 = -4. Suppose -3*s + 13 = -a, -4*a = -s - x*s + 31. Suppose -4*l + 3331 - 47 = s*p, 5*l - 5*p - 4105 = 0. Is l composite?
False
Let g = 2288 - 1217. Let r(v) = -g + 93*v + 1103 + 18*v. Is r(5) prime?
True
Let o be (14/(56/(-6)))/((-9)/11742). Let j(n) = -27*n**2 - 3*n + 1. Let l be j(7). Let y = o + l. Is y a composite number?
True
Suppose 0 = 3*i - 5*k - 1162, -i + 125 = -k - 263. Let w = i - 54. Is w a composite number?
True
Let u = 242 + -239. Suppose -3*j - 5*m = -1666, 7*m - 8*m - 1672 = -u*j. Is j a prime number?
True
Let n = -277 + 280. Suppose n*j - 6990 = 243. Is j composite?
False
Let u = 245932 + -140033. Is u a composite number?
False
Let s be ((-6)/9)/((-3)/27). Let v be 2/((-8)/s)*-6178. Suppose 5*p - 2408 = v. Is p composite?
True
Let i be 50/(-45)*6*-474. Suppose 5*j - 3*v - 5299 = i, -5*j + 8467 = v. Is j prime?
True
Let l be (1/(-3))/(((-295)/(-90))/(-59)). Suppose -4*y = 12 - 0. Is 3988 + (y/l*2 - -2) prime?
True
Suppose -21*b + 1979 = -67909. Let d = b + -1635. Is d a prime number?
True
Let v(h) = 105*h**2 - 49*h + 153. Is v(46) a prime number?
False
Is (-11436082)/(-16) - 6 - 21/168 composite?
True
Suppose 2*t - o = -3*t + 9408, t + 2*o = 1875. Suppose 9*n = 5022 + t. Is n prime?
False
Suppose -48*c + 52*c = 4*s - 941948, -941924 = -4*s - 2*c. Is s a prime number?
True
Suppose 3*k = 4*t - 890680, 2*k + 30954 = -t + 253624. Is (-20)/(-10)*(t/(-4))/(-7) composite?
True
Let j(d) = -30*d**2 - 130*d + 67. Let w(y) = -15*y**2 - 61*y + 34. Let t(u) = 3*j(u) - 7*w(u). Is t(-13) prime?
True
Let t(p) be the first derivative of -p**6/60 - 3*p**5/20 - p**4/24 - 23*p**3/6 + 4*p**2 - 14. Let k(c) be the second derivative of t(c). Is k(-10) prime?
True
Let r(y) be the third derivative of -113*y**4/2 + 155*y**3/6 - 4*y**2 + 15*y. Is r(-11) composite?
True
Suppose -63*f + 61*f + 3*v + 8699 = 0, -3*f + 13051 = -4*v. Is f a prime number?
True
Let s(h) = -1372*h**3 + 2*h**2 - 17*h - 115. Is s(-4) a composite number?
False
Suppose 4*u + 47 = -l + 171, -u - 5*l + 31 = 0. Suppose -34*r - 12 = -u*r. Is -3*381/36*r composite?
False
Suppose -z - 14 = -4*r, 2*z - z + 4*r - 2 = 0. Let q(k) = -318*k + 35. Is q(z) a composite number?
True
Let p(k) = -30*k - 126. Let v be p(7). Is (-4 - (v/20 + 1))*485 a prime number?
False
Is 385701/9 + 490/147 composite?
False
Suppose c - 10 = -c. Let q(f) = f**3 + c*f - 459 + 463 + 4*f - 3*f**2. Is q(13) prime?
True
Let r = -143586 + 64306. Let v be r/(-45) + 6/27. Suppose -2*n + 5*b + 3523 = -0*b, -3*b - v = -n. Is n a composite number?
False
Suppose 2*h + 2*h = -5*o + 33670, -o = 4*h - 6750. Is (o/(-25))/(6/(-15)) prime?
True
Let x be (-28)/(-6) + (-1)/(-3). Let b(p) = 34 - 49*p**2 - 6 - 15 + 56*p**2 - 15*p. Is b(x) a prime number?
True
Let j be 4/12*3*6691. Suppose -2*q = -5*p + j, 4*p + q - 5350 = 4*q. Suppose 20*z = 21*z - p. Is z a prime number?
False
Let g(b) = 287789*b**2 - 48*b + 6. Is g(1) a composite number?
False
Suppose 2*z - 3*y = -6, -2*z + 5*z + 5*y - 29 = 0. Let i(a) = 3 + 5*a**2 - z*a + a**3 + 7*a + 4*a. Is i(6) prime?
False
Let f(m) = m**3 - 9*m. Let l be f(4). Suppose -30*k = -l*k - 3502. Is k a prime number?
False
Let b be (-2 - -7)/(3/6). Suppose 4*u - 22 = -b. Suppose -5*z = 3*f - f - 2507, 4*f = -u*z + 1507. Is z a composite number?
True
Let j = 868 - 884. Let w(p) be the second derivative of p**4/12 - p**3/2 + 27*p**2/2 - 2*p. Is w(j) a prime number?
True
Suppose -33*d - 2*h = -29*d - 1382242, h = 3*d - 1036674. Is d a prime number?
False
Let t be 4 - (2/(-5) + 60/25). Suppose -21108 = -t*s + 2*d, -2*s + 7*d = 8*d - 21123. Is s prime?
True
Let r(n) = 991*n**2 - 4*n - 1. Let f(g) = 1486*g**2 - 6*g - 2. Let k(p) = -5*f(p) + 8*r(p). Let m be k(1). Suppose 4390 = 8*x - m. Is x a composite number?
True
Suppose -189 = s + 4*z, 3*s + 2*s - 2*z + 879 = 0. Let c be 12/20 - -1*1837/5. Let i = c + s. Is i a composite number?
False
Suppose 0 = -p - 4*p + 30. Let b be (585/(-18))/((3/(-1146))/1). Suppose p*w = w + b. Is w a prime number?
False
Let g(f) = 205*f + 84. Let p be g(11). Suppose 5016 = 5*z - p. Is z a prime number?
True
Let d(n) = -114*n**2 - 37*n - 22. Let q(i) = -57*i**2 - 19*i - 11. Let s(r) = -3*d(r) + 5*q(r). Is s(8) a prime number?
False
Let g(a) = 13600*a + 85. Let n be g(7). Is n/204 + (-1)/12 composite?
False
Suppose -5*p + 7 = -13. Suppose 2*r - 4*r - 100 = -p*h, -4*r - 85 = -3*h. Let n = 30 - h. Is n a prime number?
True
Suppose -563*j - 2105655 = -588*j + 471020. Is j prime?
True
Suppose -p + 5*k = -24, -k = -0*k + 4. Let b be (758 - 2) + (-2 + 10)/p. Suppose 0 = -2*a + 5*w + 767, -6*w = -2*a - 10*w + b. Is a prime?
False
Suppose -3008372 + 14019355 = 31*m. Is m composite?
False
Suppose 4*i - 54 = 2*o, 26 = i + 5*o - 3*o. Suppose -i*x - 51103 = -283823. Is x composite?
True
Let b(x) = -149*x + 167 + 320*x - 255 + 124*x. Is b(2) a prime number?
False
Let u be -8 + 2 + 0 - -3 - 21043. Let l = -14550 - u. Suppose -7*o + l = -13237. Is o a composite number?
False
Let j(v) = v - 3. Let a be j(6). Suppose 82 = 6*b + 52. Suppose -a*p + b*d + 6851 = p, -3*d = -4*p + 6845. Is p prime?
True
Suppose 18 = -f - 30. Let t = 53 + f. Is t/(-2 - 23)*-1895 prime?
True
Let m(c) = c**3 + 29*c**2 + 54*c + 4. Let t be m(-27). Suppose -t*p + 25508 = 10*p. Is p a composite number?
True
Let r(k) = -k**3 + 7*k**2 + 7*k + 8. Let s be r(8). Suppose 6*h - 4*h + 3*h = s. Suppose -4*q + h*q = -724. Is q composite?
False
Suppose 0 = -12*u + 4*u + 328. Let l = u - 37. Is l - (-48 + -2 + 1) a prime number?
True
Suppose 2556 = -10*s + 19*s. Suppose 0 = -288*j + s*j + 1412. Is j a composite number?
False
Let d be -24*5*6/45. Let k(s) be the third derivative of s**6/120 + 11*s**5/30 - 13*s**4/24 - 13*s**3/3 + 42*s**2. Is k(d) prime?
False
Let i = -261514 - -565725. Is i a composite number?
False
Let c = -89886 + 196463. Is c a prime number?
False
Suppose -2*v + 108037 = -367*o + 368*o, -o - 5*v = -108058. Is o prime?
True
Suppose -30*o = o - 4*o - 3495177. Is o a composite number?
True
Is ((-522)/108 + 4 - (-76451)/(-3))*-14 a prime number?
False
Let g be 6 + -7 + 102464 + 1. Is (g/24 + -10)/((-2)/(-3)) a prime number?
True
Let y(j) = -585*j**3 - 14*j**2 + 48*j - 28. Is y(-9) prime?
False
Let o be 494/((-13)/1) + 2*-1. Is (0 + -2)*671860/o composite?
True
Let g(w) = -13*w - 189. Let o be g(-15). Suppose 3*j - o*j + 4*x + 9859 = 0, -5*j - 4*x + 16485 = 0. Is j prime?
False
Let a(l) = -292*l + 1. Suppose 0*g - 35 = -7*g. Suppose -5*m = -g*z + 5, 3*z - 3*m - 7 = 2*m. Is a(z) a prime number?
True
Let o(s) = 2*s**3 - 6*s**2 - 4*s + 4. Let y be o(5). Let u = 193 - y. Is u prime?
True
Suppose -20*v + 518501 = 63*v. Is v a composite number?
False
Let d = -4192 + 53855. Is d a prime number?
True
Suppose 18*k = -17*k + 931884 + 283421. Is k a prime number?
False
Let b(u) = u**3 - 3*u**2 - 9*u + 1. Let j be b(8). Suppose 137 = 6*z + 137. Suppose z = -3*d + 1290 - j. Is d composite?
False
Let p(c) = 104186*c**2 - 115*c - 114. Is p(-1) a composite number?
True
Suppose 1740461 = 3*k + 7*s, k = 3*s - 7*s + 580147. Is k a composite number?
False
Suppose 0 = 34*g - 41*g - 231. Is (g/12 + 3)/(3/20796) a prime number?
True
Suppose -5*u - 171040 = -13*u - 4*o, 0 = -4*u + 3*o + 85490. Is u a composite number?
False
Let z = 2218 + -8945. Let o = 18780 + z. Is o a prime number?
False
Suppose 0 = 2*n + 4*z + 3